e second derivative of -x**3/3 + 7*x**2/2 + 6*x. Determine q(v).
-5
Let r be -11*(75/(-55))/3. Let c(y) = -y**3 + 6*y**2 + 5*y + 5. Give c(r).
55
Let u(b) = -4*b + 17. Let k = 494 - 489. Determine u(k).
-3
Let n(f) = f**2 - 12*f + 12. Let c(z) = -21*z**2 + 44*z + 4. Let l be c(2). Give n(l).
-20
Let s(d) = d**3 - d**2 - d + 4. Suppose 0*n + 5*n = 2*u + 83, -4*n + 2*u + 68 = 0. Suppose 0 = 4*t - n*t. What is s(t)?
4
Let n(b) = -b**3 + 10*b**2 - b + 12. Let l be n(10). Let g(z) = -3*z**3 + 2*z + 2*z**3 - 6 + 2*z + 11*z**l - 7*z**2. Determine g(5).
-11
Let z(p) = 36 - 23 + 2*p**2 + 12*p - 3*p**2. Determine z(13).
0
Let x(j) = 8*j**2 - j. Let m(k) be the first derivative of 2*k**3/3 - 13*k**2/2 + 7*k + 16. Let z be m(6). Determine x(z).
7
Let t(l) be the second derivative of l**7/504 + l**6/360 - l**5/60 - 5*l**4/6 - 4*l. Let j(r) be the third derivative of t(r). Determine j(-2).
14
Let n(j) be the third derivative of j**5/30 - j**4/12 - j**3/2 - 5*j**2. What is n(3)?
9
Let m(s) = 5*s**2 + 15*s - 17. Let a(r) = -3*r**2 - 8*r + 9. Let w(z) = -7*a(z) - 4*m(z). Determine w(4).
5
Let d = 13 + -11. Suppose 9 - 3 = d*l. Let x(n) = -3*n + n - l + 3*n. What is x(2)?
-1
Let m(n) = 11*n**3 + 56*n**2 - 15*n - 17. Let p(f) = -5*f**3 - 26*f**2 + 7*f + 8. Let t(b) = -6*m(b) - 13*p(b). Calculate t(-1).
2
Let x(r) be the first derivative of -r**7/210 - r**6/360 + r**4/24 + 5*r**3/3 - 9. Let q(y) be the third derivative of x(y). What is q(-1)?
4
Let q(r) = -r**2 - 10*r + 7. Let m be q(-10). Suppose -4*s - 3 = -m. Let n(b) = -5*b**3. What is n(s)?
-5
Let r = 52 + -52. Suppose r = -o - 5 - 3. Let v(u) = u**2 + 7*u + 2. Determine v(o).
10
Let a(l) = -2*l + 9. Suppose d + 34 = 4. Let x = -15 - d. Let w = 22 - x. Determine a(w).
-5
Let j be -2*2/8*-80. Suppose j*a = 35*a - 30. Let z(k) = k**3 + 6*k**2 + k. Calculate z(a).
-6
Let g = -87 - -94. Suppose -g*t + 6 = -t. Let m(a) = -6*a**3 + 3*a - 2*a**2 + a - 3*a. Calculate m(t).
-7
Let x(z) = z - 8. Let n be (-8)/(-1) + (8 - 11). Determine x(n).
-3
Let y(w) = -w**3 - 2*w**2 - 1. Let p be -10 - (-1 - (-30)/(-6)). Determine y(p).
31
Let w(q) = -q**2 + 2*q**3 - 3*q - 1 + 2 + 2. Let k(u) = -u + 9. Let x be k(-6). Let t(f) = f**2 - 15*f + 2. Let z be t(x). What is w(z)?
9
Let y(r) = r**3 - r**2 + r + 10. Let u = -43 + 35. Let l(p) = p**2 + 8*p. Let x be l(u). Calculate y(x).
10
Let c(h) = -h**2 + 51. Suppose -19*y = -17*y + 14*y. What is c(y)?
51
Suppose -2*l - 8 = 5*y, 5*l + 7 = -2*y + 8. Let f(x) = 9*x**2 + 2*x + 2. What is f(y)?
34
Suppose 4*z - 20 = 4*v, -4*z - 4*v - 8 + 4 = 0. Let p(h) be the second derivative of h - 4/3*h**3 + 0 + 0*h**z. Calculate p(-1).
8
Let m(c) = 5*c - 12. Let u(f) = 12*f - 24. Let r(z) = 5*m(z) - 2*u(z). What is r(0)?
-12
Let y(t) = t**3 + t**2 - t - 1. Let r(v) = 6*v**3 + 12*v**2 - 6*v - 13. Let c(a) = r(a) - 5*y(a). Let p(k) = k**2 + 5*k - 13. Let j be p(-6). What is c(j)?
-1
Let v be 1/(3/(-9))*-6. Let x(h) = v - 11 + h + 2*h. Calculate x(-6).
-11
Let w(z) = -5*z**2 - 40*z + 44*z + 4*z**2 + 5. Let f = -67 + 71. What is w(f)?
5
Suppose 36*n - 38*n + 10 = 0. Let q(w) = -w**2 + 7*w - 13. What is q(n)?
-3
Suppose -9*w + 8*w - 2 = 0. Let g be -6*(w/6 + 0). Let r(x) = -5 - 3*x**2 + x**2 - 5*x**g + 4 + x. Calculate r(1).
-7
Let j(y) = -40*y + 157. Let x be j(4). Let k(a) = -a**3 - 4*a**2 - a + 3. Give k(x).
-3
Let j(y) = -255*y**3 - y + 3*y**2 + 3 + 3*y + 128*y**3 + 128*y**3. Suppose -2*a + 0*a - 4 = 0. Calculate j(a).
3
Let n(h) = 42311*h**2 - h + 1 - 42325*h**2 - 1. What is n(1)?
-15
Let x = 230 - 234. Let m(w) = w**3 + 3*w**2 - 5*w - 2. Determine m(x).
2
Let f(z) = 29 + 5*z**2 - 2*z - z**3 - 10*z**2 - 32. What is f(-5)?
7
Suppose 11*t - 3*t - 16 = 0. Let v(d) = d**t - 160*d - 4 + 161*d + 0. Give v(0).
-4
Let a(t) = -4*t + 23. Let z(x) = 17*x - 92. Let n(b) = -9*a(b) - 2*z(b). What is n(9)?
-5
Let q(h) = h - 1. Let a(k) = 6. Let j(c) = -a(c) - 2*q(c). Determine j(-9).
14
Let c(k) = k + 13. Suppose -4*m - m = -j - 18, 4*j + 4*m = 24. Suppose -2*r = 3*q - 6, -j - 2 = -2*r - 2*q. Give c(r).
13
Let n(g) be the third derivative of -g**4/12 - 5*g**3/3 + 3*g**2. Let y(v) = 3*v + 15. Let s(m) = 7*n(m) + 5*y(m). What is s(0)?
5
Suppose 0*x + 2*x - 156 = 2*s, 310 = 4*x - 5*s. Let m = x + -84. Let i(k) = k**3 + 4*k**2 - k + 2. Determine i(m).
6
Let x(h) = -h**2 - 5*h + 8. Let y(f) = f**3 + 5*f**2 + 5*f + 19. Let t be y(-5). What is x(t)?
2
Let w(r) be the third derivative of -r**6/360 - r**5/15 - r**4/3 + r**3/3 - 11*r**2. Let s(j) be the first derivative of w(j). Give s(-7).
-1
Let l = 40 - 104. Let c = l + 58. Let b(n) = 3*n + 6. Give b(c).
-12
Let k(x) = x**2 - 11*x + 7. Let q be (184/20 + -6)/((-2)/(-5)). Calculate k(q).
-17
Let h(y) be the third derivative of -5*y**2 + 7/24*y**4 + 0 + 0*y - 1/120*y**5 + y**3. Let j(o) be the first derivative of h(o). Calculate j(3).
4
Let d(m) = -2*m**3 - 4*m**2 - 3*m. Suppose -o - 39 = 3*b - 5*b, 0 = -3*b + o + 56. Let y = -65 - -46. Let u = y + b. Give d(u).
6
Let k(s) = -s**3 + 2*s**2 + 3*s - 1. Let q = -1995 - -1998. What is k(q)?
-1
Let o(k) = k**2 + 3 + 0*k**2 - 5*k - 3*k - 10*k + 9*k. Suppose 4*s - 5*b - 50 = -s, s - 22 = 4*b. Give o(s).
-15
Let k = -121 + 126. Suppose 19 + 11 = 5*l. Let d(x) = x**2 + 3 - k - l + 1 + 2*x. Determine d(-5).
8
Let b(v) = 2*v + 3. Let t(s) = -6*s - 8. Let p(w) = 11*b(w) + 4*t(w). Suppose -a - a - 9 = -j, 4*j = 20. Determine p(a).
5
Let t = 14 + -20. Let s(k) = -14*k**2 + 15*k - 5. Let p(g) = 5*g**2 - 5*g + 2. Let f(q) = t*s(q) - 17*p(q). Let i = -250 - -247. What is f(i)?
2
Let q(m) be the first derivative of m**2/2 + m - 6. Let o be q(3). Suppose 0 = -o*d + 2*d - 10. Let y(s) = -s**3 - 5*s**2 - 7. Determine y(d).
-7
Let g(q) = 2*q - 9. Let x(c) = 8*c + 49. Let d be x(-5). Give g(d).
9
Let x(y) = -y + 4. Let c(h) = -h**3 + 14*h**2 + 15*h + 46*h + 3*h**2 - 11. Let n be c(20). Determine x(n).
-5
Suppose 4 = -5*q + 9*q. Let s(m) = -2. Let y be (-4)/18 + 44/36. Let v(f) = f**2 + f + 1. Let j(z) = y*s(z) + v(z). Determine j(q).
1
Suppose 21 - 12 = 3*b. Let x(c) = -b - 2*c - 1 + 3*c - 2. Calculate x(-7).
-13
Let q(n) = -2*n**2 + 6*n + 6. Let h be (380/8 + 0)*2. Let b = -90 + h. Give q(b).
-14
Let h(b) = b**3 - b**2 - 1. Let a(x) = -2*x**3 - 2*x**2 + 2*x + 1. Let l(r) = a(r) - 2*h(r). Determine l(-2).
31
Let s = 2161/12 - 180. Let g(v) be the second derivative of -1/2*v**3 - s*v**4 + 3*v + 3*v**2 + 0. Calculate g(-5).
-4
Let f(c) = 11*c**2 - 25 + 3*c + 17 - c**3 + 6*c**2 - 11*c**2. Calculate f(6).
10
Let w = 23 - 1. Let b(c) = -3*c + 4 + 10 - w. Calculate b(-7).
13
Let g be (-12)/(-3) - 4 - -2. Let k be (1 + -3)/(12/(-18)). Let y(b) = 8*b + b - b**g - k - 7*b. What is y(3)?
-6
Let i(g) = 3*g**2 - 9*g - 5. Let f(m) = 2*m**2 - 7*m - 4. Let k(l) = 5*f(l) - 4*i(l). Calculate k(-1).
-3
Let v = -11 + 2. Let f be 53/(-2) - v/6. Let q = -29 - f. Let x(p) = p - 3. What is x(q)?
-7
Let d(q) be the first derivative of -1/4*q**4 - 5/3*q**3 + 5*q + 1 + 0*q**2. Suppose 1279*y = 1272*y - 35. Give d(y).
5
Let w = -22 - -22. Let i(p) = 1 + 4*p**3 + w*p**3 - 5*p**3. Calculate i(-1).
2
Let t(r) = -16*r**2 - 3*r + 13. Let f(p) = 8*p**2 + p - 6. Let o(s) = -9*f(s) - 4*t(s). What is o(-1)?
-9
Let v(y) = y**2 - y + 8. Let z(u) = u + 12. Let l be z(-12). Calculate v(l).
8
Let x(m) = -m**3 - 6*m**2 - 3*m - 4. Suppose -5*c - 10 = t + 2*t, 4*c - 5 = -5*t. Suppose -2*w + t*b = 15, 5*w + 0*b + 30 = 5*b. Calculate x(w).
-14
Let y(l) = 4*l**3 - 2 - 2*l + 1 + 0*l**3. Suppose z + 5 = 0, -f - 2*z + 0*z = 1. Let c be (-22)/(-99) + (-11)/f. Calculate y(c).
-3
Let d(u) be the first derivative of -u**3/3 + 2*u - 55. Give d(5).
-23
Let q be (-4 + 5 + -4)*-7. Let v = q + -28. Let r(p) = -3*p - 9. What is r(v)?
12
Let h(u) = -u**3 + 6*u**2 - 3*u + 12. Let m be 370/60 - -3*4/(-72). Calculate h(m).
-6
Let s(o) = -2*o**2 + 5*o + 1 - 15*o**3 + o + 14*o**3. Suppose i + 1 = -3. Determine s(i).
9
Let r(i) be the second derivative of i**5/20 + i**3/6 + i**2/2 - 125*i. What is r(-1)?
-1
Let o(x) be the second derivative of -x**5/20 - x**4/3 + 2*x**3 - 2*x**2 + 144*x. Calculate o(-6).
-4
Let w(b) = 1 + 2*b - 5 + 2 - 1. Let n(m) = -3*m**3 - m**2 + 1. Let z be n(-1). Suppose -v + 1 = q, v - 7 = z*q + 6. Determine w(v).
5
Let y(c) be the third derivative of -c**5/60 - c**4/12 - 2*c**3/3 + 9*